{"id":1671,"date":"2025-02-26T13:52:54","date_gmt":"2025-02-26T13:52:54","guid":{"rendered":"https:\/\/tischtennis-hagenbach.de\/?page_id=1671"},"modified":"2025-06-30T14:48:52","modified_gmt":"2025-06-30T14:48:52","slug":"tv-hagenbach-bei-den-tt-profis","status":"publish","type":"page","link":"https:\/\/tischtennis-hagenbach.de\/?page_id=1671","title":{"rendered":"Bei den Profis"},"content":{"rendered":"\n<p><strong>TV Hagenbach zu Gast beim Bundesligaspiel ASC Gr\u00fcnwettersbach gegen Borussia D\u00fcsseldorf<\/strong><\/p>\n\n\n\n<p>Am 25.02.2025 erlebten die Spieler des TV Hagenbach, Markus Weber, Kadir Akduman und Christian Werling, einen unvergesslichen Abend beim Bundesligaspiel zwischen dem ASC Gr\u00fcnwettersbach und Borussia D\u00fcsseldorf. Die drei Spieler hatten das Gl\u00fcck, VIP-Pl\u00e4tze im exklusiven Bereich des Spiels zu ergattern und wurden dort mit einem exquisiten Buffet und erstklassigem Service verw\u00f6hnt.<\/p>\n\n\n\n<p>Das Spiel startete um 19 Uhr vor rund 600 begeisterten Zuschauern, die in der Halle f\u00fcr eine mitrei\u00dfende Atmosph\u00e4re sorgten. In der ersten Reihe sitzend, hatten die Hagenbacher beste Sicht auf die Profisportler. <\/p>\n\n\n\n<p>Die Partie selbst endete mit einem klaren 3:1-Sieg f\u00fcr D\u00fcsseldorf, jedoch war das Ergebnis f\u00fcr die Hagenbacher Spieler nebens\u00e4chlich. Sie nutzten die Gelegenheit, um mit Tischtennis-Legende Timo Boll und dem Nationalspieler Dan Qiu Fotos zu machen und Autogramme zu sammeln. Diese Begegnungen sorgten f\u00fcr strahlende Gesichter und begeisterte Erinnerungen.<\/p>\n\n\n\n<p>Der Abend klang gegen 23 Uhr aus, und die Spieler des TV Hagenbach I waren sich einig: Die Atmosph\u00e4re eines Bundesligaspiels ist einmalig und l\u00e4sst die Herzen aller Tischtennisfans h\u00f6her schlagen. Die Eindr\u00fccke dieser Veranstaltung werden sicherlich noch lange nachwirken und die Motivation f\u00fcr die eigenen Spiele steigern.&nbsp;<\/p>\n\n\n\n<p>Insgesamt war es ein super Abend, der nicht nur die Leidenschaft f\u00fcr den Tischtennissport, sondern auch die Freude an der Gemeinschaft und den Austausch mit anderen Spielern und Legenden des Sports f\u00f6rderte.<\/p>\n\n\n\n<div class=\"wp-block-columns is-layout-flex wp-container-core-columns-is-layout-9d6595d7 wp-block-columns-is-layout-flex\">\n<div class=\"wp-block-column is-layout-flow wp-block-column-is-layout-flow\" style=\"flex-basis:50%\">\n<figure class=\"wp-block-image size-large\"><img loading=\"lazy\" decoding=\"async\" width=\"1024\" height=\"768\" src=\"https:\/\/tischtennis-hagenbach.de\/wp-content\/uploads\/2025\/02\/IMG-20250225-WA0008-1024x768.jpg\" alt=\"\" class=\"wp-image-1670\" style=\"object-fit:cover\" srcset=\"https:\/\/tischtennis-hagenbach.de\/wp-content\/uploads\/2025\/02\/IMG-20250225-WA0008-1024x768.jpg 1024w, https:\/\/tischtennis-hagenbach.de\/wp-content\/uploads\/2025\/02\/IMG-20250225-WA0008-300x225.jpg 300w, https:\/\/tischtennis-hagenbach.de\/wp-content\/uploads\/2025\/02\/IMG-20250225-WA0008-768x576.jpg 768w, https:\/\/tischtennis-hagenbach.de\/wp-content\/uploads\/2025\/02\/IMG-20250225-WA0008-1536x1152.jpg 1536w, https:\/\/tischtennis-hagenbach.de\/wp-content\/uploads\/2025\/02\/IMG-20250225-WA0008.jpg 2048w\" sizes=\"auto, (max-width: 1024px) 100vw, 1024px\" \/><\/figure>\n<\/div>\n\n\n\n<div class=\"wp-block-column is-layout-flow wp-block-column-is-layout-flow\" style=\"flex-basis:50%\">\n<figure class=\"wp-block-image size-large\"><img loading=\"lazy\" decoding=\"async\" width=\"1024\" height=\"768\" src=\"https:\/\/tischtennis-hagenbach.de\/wp-content\/uploads\/2025\/02\/IMG_20250225_212822-1024x768.jpg\" alt=\"\" class=\"wp-image-1669\" srcset=\"https:\/\/tischtennis-hagenbach.de\/wp-content\/uploads\/2025\/02\/IMG_20250225_212822-1024x768.jpg 1024w, https:\/\/tischtennis-hagenbach.de\/wp-content\/uploads\/2025\/02\/IMG_20250225_212822-300x225.jpg 300w, https:\/\/tischtennis-hagenbach.de\/wp-content\/uploads\/2025\/02\/IMG_20250225_212822-768x576.jpg 768w, https:\/\/tischtennis-hagenbach.de\/wp-content\/uploads\/2025\/02\/IMG_20250225_212822-1536x1152.jpg 1536w, https:\/\/tischtennis-hagenbach.de\/wp-content\/uploads\/2025\/02\/IMG_20250225_212822-2048x1536.jpg 2048w\" sizes=\"auto, (max-width: 1024px) 100vw, 1024px\" \/><\/figure>\n<\/div>\n<\/div>\n\n\n<div class=\"wp-block-image\">\n<figure class=\"aligncenter size-full is-resized\"><img loading=\"lazy\" decoding=\"async\" width=\"1024\" height=\"1024\" src=\"https:\/\/tischtennis-hagenbach.de\/wp-content\/uploads\/2023\/12\/grafik.png\" alt=\"\" class=\"wp-image-1150\" style=\"width:338px;height:auto\" srcset=\"https:\/\/tischtennis-hagenbach.de\/wp-content\/uploads\/2023\/12\/grafik.png 1024w, https:\/\/tischtennis-hagenbach.de\/wp-content\/uploads\/2023\/12\/grafik-300x300.png 300w, https:\/\/tischtennis-hagenbach.de\/wp-content\/uploads\/2023\/12\/grafik-150x150.png 150w, https:\/\/tischtennis-hagenbach.de\/wp-content\/uploads\/2023\/12\/grafik-768x768.png 768w, https:\/\/tischtennis-hagenbach.de\/wp-content\/uploads\/2023\/12\/grafik-600x600.png 600w\" sizes=\"auto, (max-width: 1024px) 100vw, 1024px\" \/><\/figure>\n<\/div>","protected":false},"excerpt":{"rendered":"<p>TV Hagenbach zu Gast beim Bundesligaspiel ASC Gr\u00fcnwettersbach gegen Borussia D\u00fcsseldorf Am 25.02.2025 erlebten die Spieler des TV Hagenbach, Markus Weber, Kadir Akduman und Christian Werling, einen unvergesslichen Abend beim Bundesligaspiel zwischen dem ASC Gr\u00fcnwettersbach und Borussia D\u00fcsseldorf. Die drei Spieler hatten das Gl\u00fcck, VIP-Pl\u00e4tze im exklusiven Bereich des Spiels zu ergattern und wurden dort [&hellip;]<\/p>\n","protected":false},"author":1,"featured_media":0,"parent":0,"menu_order":0,"comment_status":"closed","ping_status":"closed","template":"","meta":{"footnotes":""},"class_list":["post-1671","page","type-page","status-publish","hentry","entry"],"aioseo_notices":[],"_links":{"self":[{"href":"https:\/\/tischtennis-hagenbach.de\/index.php?rest_route=\/wp\/v2\/pages\/1671","targetHints":{"allow":["GET"]}}],"collection":[{"href":"https:\/\/tischtennis-hagenbach.de\/index.php?rest_route=\/wp\/v2\/pages"}],"about":[{"href":"https:\/\/tischtennis-hagenbach.de\/index.php?rest_route=\/wp\/v2\/types\/page"}],"author":[{"embeddable":true,"href":"https:\/\/tischtennis-hagenbach.de\/index.php?rest_route=\/wp\/v2\/users\/1"}],"replies":[{"embeddable":true,"href":"https:\/\/tischtennis-hagenbach.de\/index.php?rest_route=%2Fwp%2Fv2%2Fcomments&post=1671"}],"version-history":[{"count":8,"href":"https:\/\/tischtennis-hagenbach.de\/index.php?rest_route=\/wp\/v2\/pages\/1671\/revisions"}],"predecessor-version":[{"id":1899,"href":"https:\/\/tischtennis-hagenbach.de\/index.php?rest_route=\/wp\/v2\/pages\/1671\/revisions\/1899"}],"wp:attachment":[{"href":"https:\/\/tischtennis-hagenbach.de\/index.php?rest_route=%2Fwp%2Fv2%2Fmedia&parent=1671"}],"curies":[{"name":"wp","href":"https:\/\/api.w.org\/{rel}","templated":true}]}}