{"id":18,"date":"2022-11-07T19:01:12","date_gmt":"2022-11-07T19:01:12","guid":{"rendered":"http:\/\/tischtennis-hagenbach.de\/?page_id=18"},"modified":"2025-08-28T15:14:42","modified_gmt":"2025-08-28T15:14:42","slug":"team","status":"publish","type":"page","link":"https:\/\/tischtennis-hagenbach.de\/?page_id=18","title":{"rendered":"Team Herren 1"},"content":{"rendered":"\n<p><\/p>\n\n\n\n<h1 class=\"wp-block-heading has-text-align-center\">Steckbriefe<\/h1>\n\n\n\n<p class=\"has-text-align-center\"><img loading=\"lazy\" decoding=\"async\" width=\"250\" height=\"250\" class=\"wp-image-1004\" style=\"width: 250px;\" src=\"https:\/\/tischtennis-hagenbach.de\/wp-content\/uploads\/2023\/08\/SB1-1.jpg\" alt=\"\" srcset=\"https:\/\/tischtennis-hagenbach.de\/wp-content\/uploads\/2023\/08\/SB1-1.jpg 1329w, https:\/\/tischtennis-hagenbach.de\/wp-content\/uploads\/2023\/08\/SB1-1-300x300.jpg 300w, https:\/\/tischtennis-hagenbach.de\/wp-content\/uploads\/2023\/08\/SB1-1-1024x1024.jpg 1024w, https:\/\/tischtennis-hagenbach.de\/wp-content\/uploads\/2023\/08\/SB1-1-150x150.jpg 150w, https:\/\/tischtennis-hagenbach.de\/wp-content\/uploads\/2023\/08\/SB1-1-768x768.jpg 768w, https:\/\/tischtennis-hagenbach.de\/wp-content\/uploads\/2023\/08\/SB1-1-600x600.jpg 600w\" sizes=\"auto, (max-width: 250px) 100vw, 250px\" \/><br><br><strong>Kadir Akduman<\/strong><br>Motto: Geht nicht, gibt\u00b4s nicht!<br>Spielstil: Offensiv<br>H\u00e4ndigkeit: Rechtsh\u00e4nder<br>Turnierspieler: Gelegentlich<br>Holz: Donic True Carbon<br>Vorhand: Donic Bluestorm Z2<br>R\u00fcckhand: Donic Bluefire JP 02<br><br><br><br><img loading=\"lazy\" decoding=\"async\" width=\"250\" height=\"250\" class=\"wp-image-961\" style=\"width: 250px;\" src=\"https:\/\/tischtennis-hagenbach.de\/wp-content\/uploads\/2023\/08\/SB2-1.jpg\" alt=\"\" srcset=\"https:\/\/tischtennis-hagenbach.de\/wp-content\/uploads\/2023\/08\/SB2-1.jpg 1479w, https:\/\/tischtennis-hagenbach.de\/wp-content\/uploads\/2023\/08\/SB2-1-300x300.jpg 300w, https:\/\/tischtennis-hagenbach.de\/wp-content\/uploads\/2023\/08\/SB2-1-1024x1024.jpg 1024w, https:\/\/tischtennis-hagenbach.de\/wp-content\/uploads\/2023\/08\/SB2-1-150x150.jpg 150w, https:\/\/tischtennis-hagenbach.de\/wp-content\/uploads\/2023\/08\/SB2-1-768x768.jpg 768w, https:\/\/tischtennis-hagenbach.de\/wp-content\/uploads\/2023\/08\/SB2-1-600x600.jpg 600w\" sizes=\"auto, (max-width: 250px) 100vw, 250px\" \/><br><br><strong>Markus Weber<\/strong><br>Motto: Ich spiele Noppen, heul doch<br>Spielstil: St\u00f6rspiel<br>H\u00e4ndigkeit: Rechtsh\u00e4nder<br>Turnierspieler: Ja<br>Holz: Stiga Infinity VPS V<br>Vorhand: Tibhar Aurus Select<br>R\u00fcckhand: Sauer &amp; Tr\u00f6ger Hellfire X<br><br><br><br><img loading=\"lazy\" decoding=\"async\" width=\"250\" height=\"250\" class=\"wp-image-1277\" style=\"width: 250px;\" src=\"https:\/\/tischtennis-hagenbach.de\/wp-content\/uploads\/2024\/06\/SB18.jpg\" alt=\"\" srcset=\"https:\/\/tischtennis-hagenbach.de\/wp-content\/uploads\/2024\/06\/SB18.jpg 1680w, https:\/\/tischtennis-hagenbach.de\/wp-content\/uploads\/2024\/06\/SB18-300x300.jpg 300w, https:\/\/tischtennis-hagenbach.de\/wp-content\/uploads\/2024\/06\/SB18-1024x1024.jpg 1024w, https:\/\/tischtennis-hagenbach.de\/wp-content\/uploads\/2024\/06\/SB18-150x150.jpg 150w, https:\/\/tischtennis-hagenbach.de\/wp-content\/uploads\/2024\/06\/SB18-768x768.jpg 768w, https:\/\/tischtennis-hagenbach.de\/wp-content\/uploads\/2024\/06\/SB18-1536x1536.jpg 1536w, https:\/\/tischtennis-hagenbach.de\/wp-content\/uploads\/2024\/06\/SB18-600x600.jpg 600w\" sizes=\"auto, (max-width: 250px) 100vw, 250px\" \/><\/p>\n\n\n\n<p class=\"has-text-align-center\"><strong>Christian Werling<\/strong><br>Motto: Mal verliert man und mal gewinnen die anderen<br>Spielstil: Offensiv<br>H\u00e4ndigkeit: Rechtsh\u00e4nder<br>Turnierspieler: Nein<br>Holz: Butterfly Balsa Carbo X7<br>Vorhand: Butterfly Tenergy 64 FX 2.1 mm<br>R\u00fcckhand: Butterfly Rozena 2.1 mm<br><br><br><br><img loading=\"lazy\" decoding=\"async\" width=\"250\" height=\"250\" class=\"wp-image-918\" style=\"width: 250px;\" src=\"https:\/\/tischtennis-hagenbach.de\/wp-content\/uploads\/2023\/08\/SB4.jpg\" alt=\"\" srcset=\"https:\/\/tischtennis-hagenbach.de\/wp-content\/uploads\/2023\/08\/SB4.jpg 278w, https:\/\/tischtennis-hagenbach.de\/wp-content\/uploads\/2023\/08\/SB4-150x150.jpg 150w\" sizes=\"auto, (max-width: 250px) 100vw, 250px\" \/><br><br><strong>Heiko Lang<\/strong><br>Motto: Mach dir das Leben nicht schwerer als es ist<br>Spielstil: Offensiv<br>H\u00e4ndigkeit: Rechtsh\u00e4nder<br>Turnierspieler: Nicht mehr<br>Holz: TSP Gaia offensiv<br>Vorhand: Stiga Neos 2.0 mm<br>R\u00fcckhand: Joola Samba 2.0 mm<br><br><br><br><img loading=\"lazy\" decoding=\"async\" width=\"250\" height=\"250\" class=\"wp-image-912\" style=\"width: 250px;\" src=\"https:\/\/tischtennis-hagenbach.de\/wp-content\/uploads\/2023\/08\/SB5.jpg\" alt=\"\" srcset=\"https:\/\/tischtennis-hagenbach.de\/wp-content\/uploads\/2023\/08\/SB5.jpg 339w, https:\/\/tischtennis-hagenbach.de\/wp-content\/uploads\/2023\/08\/SB5-300x300.jpg 300w, https:\/\/tischtennis-hagenbach.de\/wp-content\/uploads\/2023\/08\/SB5-150x150.jpg 150w\" sizes=\"auto, (max-width: 250px) 100vw, 250px\" \/><br><br><strong>Uwe Treffkorn<\/strong><br>Motto: Manchmal l\u00e4ufts, manchmal nicht<br>Spielstil: Allround<br>H\u00e4ndigkeit: Rechtsh\u00e4nder<br>Turnierspieler: Nein<br>Holz: 35 Jahre altes Holzbrett<br>Vorhand: Butterfly Sriver 1.7 mm<br>R\u00fcckhand: Butterfly Sriver 1.7 mm<br><br><br><br><img loading=\"lazy\" decoding=\"async\" width=\"250\" height=\"250\" class=\"wp-image-972\" style=\"width: 250px;\" src=\"https:\/\/tischtennis-hagenbach.de\/wp-content\/uploads\/2023\/08\/SB10.jpg\" alt=\"\" srcset=\"https:\/\/tischtennis-hagenbach.de\/wp-content\/uploads\/2023\/08\/SB10.jpg 785w, https:\/\/tischtennis-hagenbach.de\/wp-content\/uploads\/2023\/08\/SB10-300x300.jpg 300w, https:\/\/tischtennis-hagenbach.de\/wp-content\/uploads\/2023\/08\/SB10-150x150.jpg 150w, https:\/\/tischtennis-hagenbach.de\/wp-content\/uploads\/2023\/08\/SB10-768x768.jpg 768w, https:\/\/tischtennis-hagenbach.de\/wp-content\/uploads\/2023\/08\/SB10-600x600.jpg 600w\" sizes=\"auto, (max-width: 250px) 100vw, 250px\" \/><br><br><strong>Matthias Stehle<\/strong><br>Motto: Manchmal l\u00e4ufts, manchmal nicht<br>Spielstil: Allround<br>H\u00e4ndigkeit: Rechtsh\u00e4nder<br>Turnierspieler: Nein<br>Holz: Donic Appelgren<br>Vorhand: Friendship Pando<br>R\u00fcckhand: SpinLord Leviathan<\/p>\n\n\n\n<p class=\"has-text-align-center\"><br><\/p>\n\n\n<div class=\"wp-block-image\">\n<figure class=\"aligncenter size-large is-resized\"><img loading=\"lazy\" decoding=\"async\" width=\"1024\" height=\"1024\" src=\"https:\/\/tischtennis-hagenbach.de\/wp-content\/uploads\/2025\/01\/IMG-20250116-WA0001-1024x1024.jpg\" alt=\"\" class=\"wp-image-1655\" style=\"object-fit:cover;width:250px;height:250px\" srcset=\"https:\/\/tischtennis-hagenbach.de\/wp-content\/uploads\/2025\/01\/IMG-20250116-WA0001-1024x1024.jpg 1024w, https:\/\/tischtennis-hagenbach.de\/wp-content\/uploads\/2025\/01\/IMG-20250116-WA0001-300x300.jpg 300w, https:\/\/tischtennis-hagenbach.de\/wp-content\/uploads\/2025\/01\/IMG-20250116-WA0001-150x150.jpg 150w, https:\/\/tischtennis-hagenbach.de\/wp-content\/uploads\/2025\/01\/IMG-20250116-WA0001-768x768.jpg 768w, https:\/\/tischtennis-hagenbach.de\/wp-content\/uploads\/2025\/01\/IMG-20250116-WA0001-600x600.jpg 600w, https:\/\/tischtennis-hagenbach.de\/wp-content\/uploads\/2025\/01\/IMG-20250116-WA0001.jpg 1080w\" sizes=\"auto, (max-width: 1024px) 100vw, 1024px\" \/><\/figure>\n<\/div>\n\n\n<p class=\"has-text-align-center\"><strong>Tommy W\u00fcnschel<\/strong><br>Motto: Nach dem Spiel ist vor dem Spiel!<br>Spielstil: Allround<br>H\u00e4ndigkeit: Rechtsh\u00e4nder<br>Turnierspieler: Nein<br>Holz: Edelholz<br>Vorhand: schwarz<br>R\u00fcckhand: rot<\/p>\n\n\n\n<p class=\"has-text-align-center\"><\/p>\n\n\n<div class=\"wp-block-image\">\n<figure class=\"aligncenter size-large is-resized\"><img loading=\"lazy\" decoding=\"async\" width=\"1024\" height=\"1024\" src=\"https:\/\/tischtennis-hagenbach.de\/wp-content\/uploads\/2022\/11\/TVH-Tischtennis-Logo-1438x1438-96dpi-1024x1024.png\" alt=\"\" class=\"wp-image-341\" style=\"width:256px;height:256px\" srcset=\"https:\/\/tischtennis-hagenbach.de\/wp-content\/uploads\/2022\/11\/TVH-Tischtennis-Logo-1438x1438-96dpi-1024x1024.png 1024w, https:\/\/tischtennis-hagenbach.de\/wp-content\/uploads\/2022\/11\/TVH-Tischtennis-Logo-1438x1438-96dpi-300x300.png 300w, https:\/\/tischtennis-hagenbach.de\/wp-content\/uploads\/2022\/11\/TVH-Tischtennis-Logo-1438x1438-96dpi-150x150.png 150w, https:\/\/tischtennis-hagenbach.de\/wp-content\/uploads\/2022\/11\/TVH-Tischtennis-Logo-1438x1438-96dpi-768x768.png 768w, https:\/\/tischtennis-hagenbach.de\/wp-content\/uploads\/2022\/11\/TVH-Tischtennis-Logo-1438x1438-96dpi-1200x1200.png 1200w, https:\/\/tischtennis-hagenbach.de\/wp-content\/uploads\/2022\/11\/TVH-Tischtennis-Logo-1438x1438-96dpi.png 1438w\" sizes=\"auto, (max-width: 1024px) 100vw, 1024px\" \/><\/figure>\n<\/div>","protected":false},"excerpt":{"rendered":"<p>Steckbriefe Kadir AkdumanMotto: Geht nicht, gibt\u00b4s nicht!Spielstil: OffensivH\u00e4ndigkeit: Rechtsh\u00e4nderTurnierspieler: GelegentlichHolz: Donic True CarbonVorhand: Donic Bluestorm Z2R\u00fcckhand: Donic Bluefire JP 02 Markus WeberMotto: Ich spiele Noppen, heul dochSpielstil: St\u00f6rspielH\u00e4ndigkeit: Rechtsh\u00e4nderTurnierspieler: JaHolz: Stiga Infinity VPS VVorhand: Tibhar Aurus SelectR\u00fcckhand: Sauer &amp; Tr\u00f6ger Hellfire X Christian WerlingMotto: Mal verliert man und mal gewinnen die anderenSpielstil: OffensivH\u00e4ndigkeit: Rechtsh\u00e4nderTurnierspieler: NeinHolz: [&hellip;]<\/p>\n","protected":false},"author":1,"featured_media":0,"parent":0,"menu_order":0,"comment_status":"closed","ping_status":"closed","template":"","meta":{"footnotes":""},"class_list":["post-18","page","type-page","status-publish","hentry","entry"],"aioseo_notices":[],"_links":{"self":[{"href":"https:\/\/tischtennis-hagenbach.de\/index.php?rest_route=\/wp\/v2\/pages\/18","targetHints":{"allow":["GET"]}}],"collection":[{"href":"https:\/\/tischtennis-hagenbach.de\/index.php?rest_route=\/wp\/v2\/pages"}],"about":[{"href":"https:\/\/tischtennis-hagenbach.de\/index.php?rest_route=\/wp\/v2\/types\/page"}],"author":[{"embeddable":true,"href":"https:\/\/tischtennis-hagenbach.de\/index.php?rest_route=\/wp\/v2\/users\/1"}],"replies":[{"embeddable":true,"href":"https:\/\/tischtennis-hagenbach.de\/index.php?rest_route=%2Fwp%2Fv2%2Fcomments&post=18"}],"version-history":[{"count":131,"href":"https:\/\/tischtennis-hagenbach.de\/index.php?rest_route=\/wp\/v2\/pages\/18\/revisions"}],"predecessor-version":[{"id":1941,"href":"https:\/\/tischtennis-hagenbach.de\/index.php?rest_route=\/wp\/v2\/pages\/18\/revisions\/1941"}],"wp:attachment":[{"href":"https:\/\/tischtennis-hagenbach.de\/index.php?rest_route=%2Fwp%2Fv2%2Fmedia&parent=18"}],"curies":[{"name":"wp","href":"https:\/\/api.w.org\/{rel}","templated":true}]}}