{"id":41,"date":"2022-11-07T19:10:14","date_gmt":"2022-11-07T19:10:14","guid":{"rendered":"http:\/\/tischtennis-hagenbach.de\/?page_id=41"},"modified":"2025-07-01T09:19:29","modified_gmt":"2025-07-01T09:19:29","slug":"links","status":"publish","type":"page","link":"https:\/\/tischtennis-hagenbach.de\/?page_id=41","title":{"rendered":"Links"},"content":{"rendered":"\n<p><a href=\"https:\/\/www.vfl-bellheim.de\/abteilung\/tischtennis\/\" title=\"\">Tischtennis Bellheim<\/a><\/p>\n\n\n\n<p><a href=\"https:\/\/www.fcberg1920.de\/Abteilungen\/Tischtennis\" title=\"\">Tischtennis Berg<\/a><\/p>\n\n\n\n<p><a href=\"https:\/\/www.ttc-germersheim.de\/\" title=\"\">Tischtennis Germersheim<\/a><\/p>\n\n\n\n<p><a href=\"https:\/\/www.ttc-herxheim.de\/\" title=\"\">Tischtennis Herxheim<\/a><\/p>\n\n\n\n<p><a href=\"https:\/\/ttc-insheim.de\/\" title=\"\">Tischtennis Insheim<\/a><\/p>\n\n\n\n<p><a href=\"https:\/\/www.ttc-klingenmuenster.de\/\" title=\"\">Tischtennis Klingenm\u00fcnster<\/a><\/p>\n\n\n\n<p><a href=\"https:\/\/www.ttc-leimersheim.de\/\" title=\"\">Tischtennis Leimersheim<\/a><\/p>\n\n\n\n<p><a href=\"https:\/\/www.fvpm-tt.de\/\" title=\"\">Tischtennis Maximiliansau<\/a><\/p>\n\n\n\n<p><a href=\"https:\/\/djk-ttc-ruelzheim.de\/\" title=\"\">Tischtennis R\u00fclzheim<\/a><\/p>\n\n\n\n<p><a href=\"https:\/\/ttc-sondernheim.de\/\" title=\"\">Tischtennis Sondernheim<\/a><\/p>\n\n\n\n<p><a href=\"https:\/\/www.tischtennis-woerth.de\/\" title=\"\">Tischtennis W\u00f6rth<\/a><\/p>\n\n\n\n<hr class=\"wp-block-separator has-alpha-channel-opacity\"\/>\n\n\n\n<p><a href=\"http:\/\/www.pttv.de\/\">Pf\u00e4lzischer Tischtennis Verband<\/a><\/p>\n\n\n\n<p><a href=\"https:\/\/pttv.click-tt.de\">Vereinsportal click-TT Pfalz<\/a><\/p>\n\n\n\n<p><a href=\"https:\/\/www.mytischtennis.de\">MyTischtennis.de<\/a><\/p>\n\n\n\n<p><a href=\"https:\/\/www.tischtennis.de\/\">Deutscher Tischtennis Bund<\/a><\/p>\n\n\n\n<p><a href=\"https:\/\/www.tischtennis.de\/dttb\/regeln-satzung\/offizielle-regeln.html\">Offizielle Tischtennisregeln<\/a><\/p>\n\n\n\n<hr class=\"wp-block-separator has-alpha-channel-opacity\"\/>\n\n\n\n<p><a href=\"https:\/\/tv-hagenbach.de\/\">TV Hagenbach 1902 e.V.<\/a><\/p>\n\n\n\n<p><a href=\"https:\/\/turnen-hagenbach.de\/\">TV Hagenbach Abteilung Turnen<\/a><\/p>\n\n\n\n<p><a href=\"https:\/\/tischtennis-hagenbach.de\/\">TV Hagenbach Abteilung Tischtennis<\/a><\/p>\n\n\n\n<p><a href=\"https:\/\/handball-hagenbach.de\/\">TV Hagenbach Abteilung Handball<\/a><\/p>\n\n\n<div class=\"wp-block-image\">\n<figure class=\"aligncenter size-large is-resized\"><img loading=\"lazy\" decoding=\"async\" width=\"1024\" height=\"1024\" src=\"https:\/\/tischtennis-hagenbach.de\/wp-content\/uploads\/2022\/11\/TVH-Tischtennis-Logo-1438x1438-96dpi-1024x1024.png\" alt=\"\" class=\"wp-image-341\" style=\"width:256px;height:256px\" srcset=\"https:\/\/tischtennis-hagenbach.de\/wp-content\/uploads\/2022\/11\/TVH-Tischtennis-Logo-1438x1438-96dpi-1024x1024.png 1024w, https:\/\/tischtennis-hagenbach.de\/wp-content\/uploads\/2022\/11\/TVH-Tischtennis-Logo-1438x1438-96dpi-300x300.png 300w, https:\/\/tischtennis-hagenbach.de\/wp-content\/uploads\/2022\/11\/TVH-Tischtennis-Logo-1438x1438-96dpi-150x150.png 150w, https:\/\/tischtennis-hagenbach.de\/wp-content\/uploads\/2022\/11\/TVH-Tischtennis-Logo-1438x1438-96dpi-768x768.png 768w, https:\/\/tischtennis-hagenbach.de\/wp-content\/uploads\/2022\/11\/TVH-Tischtennis-Logo-1438x1438-96dpi-1200x1200.png 1200w, https:\/\/tischtennis-hagenbach.de\/wp-content\/uploads\/2022\/11\/TVH-Tischtennis-Logo-1438x1438-96dpi.png 1438w\" sizes=\"auto, (max-width: 1024px) 100vw, 1024px\" \/><\/figure>\n<\/div>","protected":false},"excerpt":{"rendered":"<p>Tischtennis Bellheim Tischtennis Berg Tischtennis Germersheim Tischtennis Herxheim Tischtennis Insheim Tischtennis Klingenm\u00fcnster Tischtennis Leimersheim Tischtennis Maximiliansau Tischtennis R\u00fclzheim Tischtennis Sondernheim Tischtennis W\u00f6rth Pf\u00e4lzischer Tischtennis Verband Vereinsportal click-TT Pfalz MyTischtennis.de Deutscher Tischtennis Bund Offizielle Tischtennisregeln TV Hagenbach 1902 e.V. TV Hagenbach Abteilung Turnen TV Hagenbach Abteilung Tischtennis TV Hagenbach Abteilung Handball<\/p>\n","protected":false},"author":1,"featured_media":0,"parent":0,"menu_order":0,"comment_status":"closed","ping_status":"closed","template":"","meta":{"footnotes":""},"class_list":["post-41","page","type-page","status-publish","hentry","entry"],"aioseo_notices":[],"_links":{"self":[{"href":"https:\/\/tischtennis-hagenbach.de\/index.php?rest_route=\/wp\/v2\/pages\/41","targetHints":{"allow":["GET"]}}],"collection":[{"href":"https:\/\/tischtennis-hagenbach.de\/index.php?rest_route=\/wp\/v2\/pages"}],"about":[{"href":"https:\/\/tischtennis-hagenbach.de\/index.php?rest_route=\/wp\/v2\/types\/page"}],"author":[{"embeddable":true,"href":"https:\/\/tischtennis-hagenbach.de\/index.php?rest_route=\/wp\/v2\/users\/1"}],"replies":[{"embeddable":true,"href":"https:\/\/tischtennis-hagenbach.de\/index.php?rest_route=%2Fwp%2Fv2%2Fcomments&post=41"}],"version-history":[{"count":10,"href":"https:\/\/tischtennis-hagenbach.de\/index.php?rest_route=\/wp\/v2\/pages\/41\/revisions"}],"predecessor-version":[{"id":1903,"href":"https:\/\/tischtennis-hagenbach.de\/index.php?rest_route=\/wp\/v2\/pages\/41\/revisions\/1903"}],"wp:attachment":[{"href":"https:\/\/tischtennis-hagenbach.de\/index.php?rest_route=%2Fwp%2Fv2%2Fmedia&parent=41"}],"curies":[{"name":"wp","href":"https:\/\/api.w.org\/{rel}","templated":true}]}}